t f(m) = 3*m**2 - m. Let h be f(-1). Let a be (h + -1)*910/39. Calculate the greatest common divisor of 28 and a.
14
Let u be 6/(-18)*20*(-36)/10. What is the greatest common factor of u and 132?
12
Let y = 160 - 112. Let d(w) = -w**2 - 25*w + 116. Let u be d(-28). What is the greatest common divisor of y and u?
16
Let r(s) = -104*s + 38. Let g be r(-3). What is the greatest common divisor of 35 and g?
35
Let k(o) = -o**3 + 2*o**2 - o. Let z be k(1). Suppose v - 182 = -4*h + 213, 5*h + 5*v - 490 = z. What is the greatest common factor of 33 and h?
33
Let l(g) = g**3 - 12*g**2 - 13*g - 11. Let d be l(13). Let z = 99 + d. Calculate the greatest common factor of 8 and z.
8
Suppose 1177 = 3*j + 4*k, 2*k - 561 = -j - 166. Let f be 175/5 - -4 - -4. Calculate the greatest common divisor of f and j.
43
Suppose -4*f = -2*b - 30, 2*f + 3 = -5*b - 0. Suppose 4*c - 4*j = 0, 5*c = 3*j + 5 - 1. Calculate the greatest common factor of f and c.
2
Suppose 605 = 8*t + 45. What is the highest common divisor of t and 245?
35
Let a be (-1)/(-63)*6 - (-5101)/21. Calculate the greatest common divisor of a and 18.
9
Suppose 1 = v - 19. Let d be 3 + v - (-6)/2. Suppose o - 30 = u, -o + 4*u + u = -d. What is the greatest common factor of 31 and o?
31
Suppose 5*x - 5*a + 5 = 0, -2*a = 4*x - 0*a - 8. What is the highest common divisor of x and 5?
1
Let v = -579 + 754. What is the greatest common divisor of v and 455?
35
Suppose w - 18 = 2. Let h(k) = 3*k - 24. Let g be h(7). Let m(s) = 19*s**2 - 5*s - 6. Let a be m(g). Calculate the highest common divisor of w and a.
20
Let b be 3/(30/(-28))*-10. Calculate the highest common factor of 133 and b.
7
Suppose f = -0*f + m - 1, 5*f + 2 = 2*m. Let q = f - -5. Let g(j) = j**3 - 4*j**2 + 2. Let n be g(q). Calculate the greatest common divisor of 3 and n.
3
Let v be 29*-2*1/(-2). Let z be 6/8*(-61 + 177). What is the highest common factor of v and z?
29
Let g(o) = -13*o + 1550. Let x be g(0). Calculate the greatest common divisor of 50 and x.
50
Suppose 203*b = 204*b - 2. Calculate the highest common factor of 128 and b.
2
Let u(q) = -2*q**3 - 19*q**2 - 14*q - 11. Let m be u(-9). Calculate the highest common divisor of 17 and m.
17
Suppose 6*i + 2*j = 4*i - 176, 4*j - 12 = 0. Let l = 98 + i. What is the highest common divisor of 3 and l?
1
Suppose 2*k - 159 - 209 = 0. Let y be 50/12 - 1*2/12. Suppose -8 = -y*j + k. What is the greatest common factor of j and 32?
16
Let h(q) = q**3 - 9*q**2 - 4*q + 10. Let l be h(9). Let m = l - -35. Let r(f) = -3*f. Let t be r(-2). What is the highest common factor of t and m?
3
Suppose -5*o - 2 = 158. Let a be o*(2 + (-13)/4). Suppose 0 = -3*z - 5*t, t = z - 4*t - 20. Calculate the greatest common factor of z and a.
5
Suppose -2*h + 6*h = -24. Let t = 10 + h. Suppose i - 40 = -t*z + 12, 0 = 4*i + 3*z - 273. What is the greatest common divisor of i and 18?
18
Suppose -4*t + 2*r = -0*r - 286, 2*r = -4*t + 266. What is the highest common factor of 437 and t?
23
Let k(j) = j - 14. Let p be k(18). Let s be ((-3)/9)/(2/(-36)). What is the greatest common divisor of p and s?
2
Let r(n) = n + 3. Let j be r(-3). Suppose j = 2*l - l - 180. What is the highest common factor of l and 72?
36
Let k be (-6)/1*(-20)/6. Let v be (-4)/(21/(-14) + (-206)/(-132)). Let y = v + 68. What is the highest common factor of y and k?
2
Let w = 119 - 242. Let i = 288 + w. What is the highest common factor of 15 and i?
15
Let l be 3 - (22/(-2))/((-9)/(-81)). Suppose 3*i = -i + 136. What is the greatest common divisor of l and i?
34
Suppose -5*r = -2*f + 370, 122 = f - 4*r - 66. What is the highest common factor of f and 5?
5
Suppose k + k - 28 = 0. Let c be ((-84)/(-16))/(3/12). Let s be (-1 - 13)/((-3)/c). What is the highest common factor of s and k?
14
Let u(p) = 8*p + 256. Let c be u(-31). What is the highest common factor of 256 and c?
8
Let u(y) = -y**3 - 24*y**2 - 10*y - 86. Let k be u(-24). Let q = 38 + -24. Calculate the highest common divisor of k and q.
14
Suppose 6*v = 2*v - 8, 4*u = -5*v + 2454. Suppose -s - 7*s = -u. What is the highest common divisor of s and 7?
7
Let g(z) = z + z**3 - 8 - 3 + 0*z**3 + 10*z**2 + 5*z. Let h be g(-9). Let u(i) = i + 14. Let n be u(-6). What is the highest common factor of h and n?
8
Let m(y) = 15 + 6*y + 3*y + 0 - 8*y. Let f be m(0). Suppose c + 25 = v, f = 4*v + 3*c - 78. What is the greatest common factor of v and 16?
8
Suppose -h = -2*n + 1204, -22*n - 2*h = -24*n + 1208. What is the greatest common divisor of 24 and n?
24
Let m be (-16)/(3*(-4)/24). Calculate the greatest common factor of m and 160.
32
Let v be 21/(-2)*8/3. Let g = -13 - v. Let x = 33 - g. What is the highest common factor of 162 and x?
18
Suppose 20 = -5*k - 0*k. Let g = k - -1. Let d be g*(9/3 - 4). Calculate the highest common divisor of 33 and d.
3
Suppose -5*t = t - 42. Let n = t + 9. What is the highest common divisor of 16 and n?
16
Let d = 785 + -766. What is the greatest common factor of d and 19?
19
Let m be (3141/(-698))/(0 + (-18)/8). Suppose -3*w + 0 + 6 = 0. Calculate the greatest common divisor of w and m.
2
Suppose -5*n = -8*n, -3*y = -2*n - 405. What is the greatest common divisor of y and 54?
27
Let c(g) = -g + 10. Let m be c(8). Let n(r) = 0 - 1 + 5*r**2 + m. Let i be n(-1). Calculate the highest common divisor of 60 and i.
6
Let y(z) = 7*z + 1. Let s(c) = c**2 + c + 1. Let a be s(0). Let b be y(a). Let h be (14 - 3/3)*b. Calculate the greatest common divisor of h and 13.
13
Let p(g) = -2*g**3 + 19*g**2 - g - 4. Let b be p(4). Calculate the highest common divisor of 24 and b.
24
Suppose -10*t = -9*t + 60. Let l be (32/3)/((-8)/t). Calculate the highest common divisor of l and 32.
16
Let f be 4/(-8) - (-33)/2. Let l be 1/(-2 - -3)*0. Let c be 1/(2 - l)*16. Calculate the greatest common divisor of c and f.
8
Suppose 3*p - 65 = -206. Let t = -39 - p. What is the greatest common divisor of 16 and t?
8
Suppose 6*w - 3*p = 4*w + 21, -49 = -3*w + p. Suppose -78 - w = -6*i. Calculate the highest common factor of 48 and i.
16
Let w = -908 - -935. What is the greatest common divisor of w and 12?
3
Suppose 0 = 4*c - 3*c + 10. Suppose 2*i - 1 + 19 = 4*s, -2*s = -2*i - 24. Let k be ((-48)/i)/((-2)/c). What is the greatest common divisor of 40 and k?
8
Let w(t) = 2*t + 12*t**2 - 9*t**2 + 23 + 3*t + t. Let b be w(-6). Calculate the greatest common divisor of 19 and b.
19
Suppose 2*m - 14 = v + 6*m, -3*v - 4*m = 18. Let h be v/5 - 66/(-15). Suppose h*a = 2*a + 140. Calculate the highest common factor of 14 and a.
14
Suppose 4*v + 4*g - 80 = 0, -3*g = -8*g - 20. Suppose -2*f + 3*j + v = 0, f - j + 2 = 14. Let t = 0 - -8. What is the highest common factor of f and t?
4
Let u be ((-42)/15)/(-4 - 18/(-5)). What is the highest common divisor of 217 and u?
7
Let l(k) = 2*k**2 - 3*k - k**3 + 6*k**2 + 11*k. Let t be l(7). What is the highest common divisor of t and 15?
15
Suppose d - 1 - 2 = -c, 5*d = -3*c + 19. Let t(r) = 3*r**2 - 2. Let y be t(c). What is the highest common factor of y and 50?
10
Suppose -13*p = -11*p - 126. What is the highest common factor of p and 1008?
63
Let w(k) = -k**3 + 12*k**2 + 20*k - 3. Let b be w(13). What is the greatest common divisor of 66 and b?
22
Let i = 340 + -200. What is the highest common divisor of 56 and i?
28
Suppose -s + 6*h + 8 = 3*h, -2*h = -4*s + 12. What is the highest common factor of s and 26?
2
Let n be (-1)/3 - (-7)/3. Let c(d) = 24*d**2 + 7*d + 5. Let q be c(-2). Let t = q - 71. What is the greatest common factor of n and t?
2
Let k(t) = 28*t - 298. Let c be k(11). What is the greatest common factor of c and 16?
2
Let k be (34/6)/(29/87). Calculate the highest common divisor of k and 187.
17
Let j be 6*(0 - -3 - 1)/4. Suppose 2*w + 2 = 0, 14*w + 74 = j*n + 15*w. What is the highest common divisor of 1 and n?
1
Let w = -2768 + 2840. What is the greatest common divisor of 1044 and w?
36
Let t = -220 + 240. What is the highest common divisor of 500 and t?
20
Suppose 3*u = -5*n - 6, 4*n = 3*n - 3. Suppose -s + 36 = 4*v, -v + 4*s + 36 = u*v. Calculate the greatest common factor of v and 45.
9
Let s(v) = 4*v**2 + 100*v - 12. Let c be s(-27). Calculate the highest common factor of c and 357.
51
Let a = 53 + -44. Suppose -5*y + 4*p - 2*p + 231 = 0, 2*y - 3*p = 99.